when 21 is divided by 10?
1
What is the remainder when 45 is divided by 26?
19
What is the remainder when 1437 is divided by 60?
57
What is the remainder when 1461 is divided by 327?
153
Calculate the remainder when 1307 is divided by 81.
11
Calculate the remainder when 161 is divided by 69.
23
Calculate the remainder when 328 is divided by 14.
6
Calculate the remainder when 9579 is divided by 23.
11
What is the remainder when 816 is divided by 7?
4
Calculate the remainder when 449 is divided by 113.
110
What is the remainder when 12699 is divided by 87?
84
What is the remainder when 2569 is divided by 258?
247
Calculate the remainder when 2855 is divided by 53.
46
Calculate the remainder when 121 is divided by 78.
43
What is the remainder when 215 is divided by 15?
5
Calculate the remainder when 896 is divided by 75.
71
Calculate the remainder when 6322 is divided by 5.
2
What is the remainder when 203 is divided by 71?
61
What is the remainder when 7082 is divided by 13?
10
What is the remainder when 300 is divided by 154?
146
Calculate the remainder when 3374 is divided by 75.
74
What is the remainder when 1274 is divided by 58?
56
Calculate the remainder when 1373 is divided by 23.
16
Calculate the remainder when 32 is divided by 30.
2
What is the remainder when 55 is divided by 4?
3
Calculate the remainder when 336 is divided by 35.
21
Calculate the remainder when 64 is divided by 33.
31
Calculate the remainder when 60 is divided by 19.
3
What is the remainder when 456 is divided by 4?
0
Calculate the remainder when 4315 is divided by 27.
22
What is the remainder when 6027 is divided by 163?
159
What is the remainder when 7303 is divided by 8?
7
What is the remainder when 304 is divided by 52?
44
What is the remainder when 174 is divided by 30?
24
What is the remainder when 794 is divided by 42?
38
What is the remainder when 267 is divided by 34?
29
What is the remainder when 2200 is divided by 71?
70
Calculate the remainder when 191 is divided by 5.
1
Calculate the remainder when 233 is divided by 5.
3
What is the remainder when 212 is divided by 75?
62
Calculate the remainder when 447 is divided by 157.
133
What is the remainder when 72 is divided by 7?
2
What is the remainder when 134 is divided by 58?
18
Calculate the remainder when 25 is divided by 13.
12
What is the remainder when 740 is divided by 133?
75
What is the remainder when 253 is divided by 207?
46
What is the remainder when 693 is divided by 8?
5
Calculate the remainder when 2081 is divided by 148.
9
Calculate the remainder when 350 is divided by 44.
42
Calculate the remainder when 289 is divided by 21.
16
Calculate the remainder when 1962 is divided by 58.
48
Calculate the remainder when 189 is divided by 91.
7
Calculate the remainder when 171 is divided by 57.
0
What is the remainder when 39 is divided by 8?
7
Calculate the remainder when 1100 is divided by 48.
44
What is the remainder when 29 is divided by 1?
0
Calculate the remainder when 283 is divided by 32.
27
What is the remainder when 1885 is divided by 617?
34
What is the remainder when 11555 is divided by 91?
89
What is the remainder when 4799 is divided by 80?
79
What is the remainder when 5845 is divided by 78?
73
What is the remainder when 78 is divided by 34?
10
What is the remainder when 7915 is divided by 7?
5
What is the remainder when 517 is divided by 80?
37
Calculate the remainder when 112 is divided by 110.
2
Calculate the remainder when 52 is divided by 5.
2
What is the remainder when 53 is divided by 10?
3
What is the remainder when 1986 is divided by 166?
160
What is the remainder when 44 is divided by 5?
4
Calculate the remainder when 571 is divided by 7.
4
Calculate the remainder when 63 is divided by 13.
11
Calculate the remainder when 1242 is divided by 280.
122
Calculate the remainder when 2851 is divided by 49.
9
What is the remainder when 11004 is divided by 64?
60
What is the remainder when 1462 is divided by 56?
6
What is the remainder when 10162 is divided by 154?
152
Calculate the remainder when 41 is divided by 13.
2
Calculate the remainder when 39273 is divided by 9.
6
What is the remainder when 5035 is divided by 90?
85
What is the remainder when 122 is divided by 9?
5
Calculate the remainder when 1175 is divided by 19.
16
Calculate the remainder when 399 is divided by 391.
8
Calculate the remainder when 518 is divided by 459.
59
What is the remainder when 85 is divided by 51?
34
What is the remainder when 175 is divided by 24?
7
What is the remainder when 1328 is divided by 331?
4
Calculate the remainder when 11629 is divided by 16.
13
Calculate the remainder when 647 is divided by 11.
9
Calculate the remainder when 110 is divided by 12.
2
Calculate the remainder when 30 is divided by 9.
3
Calculate the remainder when 3229 is divided by 120.
109
What is the remainder when 311 is divided by 304?
7
Calculate the remainder when 157 is divided by 25.
7
What is the remainder when 517 is divided by 88?
77
Calculate the remainder when 221 is divided by 125.
96
Calculate the remainder when 622 is divided by 19.
14
What is the remainder when 95 is divided by 12?
11
What is the remainder when 267 is divided by 140?
127
Calculate the remainder when 1057 is divided by 81.
4
What is the remainder when 518 is divided by 89?
73
Calculate the remainder when 4074 is divided by 9.
6
Calculate the remainder when 112 is divided by 23.
20
Calculate the remainder when 43635 is divided by 4.
3
Calculate the remainder when 595 is divided by 302.
293
What is the remainder when 11318 is divided by 7?
6
Calculate the remainder when 12 is divided by 8.
4
What is the remainder when 2275 is divided by 23?
21
Calculate the remainder when 427 is divided by 224.
203
What is the remainder when 1067 is divided by 60?
47
What is the remainder when 326 is divided by 30?
26
What is the remainder when 908 is divided by 175?
33
What is the remainder when 97 is divided by 5?
2
What is the remainder when 1979 is divided by 35?
19
Calculate the remainder when 1101 is divided by 38.
37
What is the remainder when 1731 is divided by 431?
7
Calculate the remainder when 73 is divided by 27.
19
Calculate the remainder when 276 is divided by 48.
36
What is the remainder when 372 is divided by 125?
122
What is the remainder when 379 is divided by 64?
59
What is the remainder when 1512 is divided by 117?
108
What is the remainder when 429 is divided by 88?
77
Calculate the remainder when 839 is divided by 14.
13
Calculate the remainder when 202 is divided by 76.
50
What is the remainder when 936 is divided by 4?
0
What is the remainder when 1440 is divided by 19?
15
Calculate the remainder when 2868 is divided by 32.
20
Calculate the remainder when 1387 is divided by 70.
57
What is the remainder when 10603 is divided by 26?
21
Calculate the remainder when 620 is divided by 348.
272
Calculate the remainder when 1374 is divided by 273.
9
What is the remainder when 448 is divided by 25?
23
What is the remainder when 136 is divided by 26?
6
Calculate the remainder when 117 is divided by 4.
1
What is the remainder when 130 is divided by 9?
4
Calculate the remainder when 224 is divided by 45.
44
Calculate the remainder when 763 is divided by 51.
49
Calculate the remainder when 131 is divided by 4.
3
What is the remainder when 574 is divided by 17?
13
What is the remainder when 692 is divided by 17?
12
Calculate the remainder when 71 is divided by 33.
5
Calculate the remainder when 151 is divided by 18.
7
Calculate the remainder when 479 is divided by 96.
95
What is the remainder when 749 is divided by 47?
44
Calculate the remainder when 18 is divided by 8.
2
Calculate the remainder when 41 is divided by 15.
11
What is the remainder when 979 is divided by 477?
25
What is the remainder when 10542 is divided by 57?
54
Calculate the remainder when 14 is divided by 2.
0
Calculate the remainder when 456 is divided by 28.
8
What is the remainder when 53 is divided by 24?
5
Calculate the remainder when 14910 is divided by 339.
333
Calculate the remainder when 457 is divided by 51.
49
Calculate the remainder when 128 is divided by 27.
20
What is the remainder when 521 is divided by 25?
21
Calculate the remainder when 1223 is divided by 9.
8
Wh